2?
25628
What is -112607 (base 8) in base 10?
-38279
Convert 1000002 (base 3) to base 5.
10411
205110 (base 8) to base 15
152e8
Convert -24331 (base 6) to base 5.
-103313
What is -4b7 (base 14) in base 12?
-669
Convert -101010111000000 (base 2) to base 12.
-10854
What is -3552 (base 6) in base 13?
-512
Convert -2381 (base 9) to base 4.
-123232
8b (base 16) to base 4
2023
736 (base 11) to base 13
532
Convert 2aa2 (base 11) to base 4.
332100
Convert -10101110000010110 (base 2) to base 3.
-11112020101
What is -10220021 (base 3) in base 4?
-230122
Convert -1204 (base 9) to base 3.
-1020011
-37a (base 12) to base 9
-644
Convert -201040 (base 5) to base 2.
-1100011111011
What is -39637 (base 10) in base 4?
-21223111
Convert -21212 (base 3) to base 10.
-212
Convert -220355 (base 7) to base 11.
-27004
Convert 350 (base 11) to base 6.
1534
What is 159a (base 11) in base 12?
1225
Convert -1c8 (base 14) to base 8.
-564
What is -49070 (base 11) in base 4?
-101033130
Convert 500 (base 7) to base 4.
3311
What is 37a0 (base 16) in base 5?
423430
What is -b385 (base 16) in base 12?
-22719
What is -3c18 (base 14) in base 12?
-617a
-25042 (base 8) to base 6
-121534
What is 566 (base 12) in base 5?
11143
What is -2465 (base 7) in base 5?
-12204
-317 (base 14) to base 8
-1141
Convert -1150 (base 15) to base 2.
-111001011011
Convert 224 (base 14) to base 16.
1a8
Convert -293 (base 16) to base 10.
-659
222000202 (base 3) to base 15
594e
155434 (base 7) to base 6
354204
What is -21011101 (base 3) in base 16?
-1465
What is -1283 (base 9) in base 10?
-966
154 (base 10) to base 12
10a
Convert 1100011011 (base 2) to base 7.
2214
Convert -231 (base 15) to base 11.
-411
What is -1b97 (base 14) in base 12?
-2ab5
Convert -2891 (base 12) to base 14.
-1a0d
-223 (base 4) to base 7
-61
-e609 (base 15) to base 5
-3023414
What is 4023 (base 6) in base 13?
528
21124 (base 5) to base 14
730
What is -21102 (base 3) in base 10?
-200
-120212 (base 3) to base 15
-1d8
What is 23442 (base 9) in base 12?
909b
Convert -33c9 (base 14) to base 5.
-241442
-31444 (base 6) to base 13
-1c3c
What is 12021230 (base 4) in base 14?
927a
-2100001 (base 3) to base 10
-1702
-3ae (base 16) to base 3
-1021220
-2b73 (base 12) to base 7
-20643
-54a (base 11) to base 2
-1010010011
What is 1990 (base 10) in base 8?
3706
397 (base 11) to base 6
2101
What is 4501 (base 9) in base 6?
23214
360300 (base 7) to base 11
448a8
What is 242 (base 8) in base 4?
2202
-252546 (base 7) to base 8
-132770
-11402 (base 7) to base 12
-1852
What is 11100111000001 (base 2) in base 13?
6964
441 (base 12) to base 16
271
-90bc (base 16) to base 4
-21002330
Convert 1056 (base 15) to base 10.
3456
-3250 (base 6) to base 13
-459
What is 1c55 (base 14) in base 9?
7075
What is -3505 (base 7) in base 15?
-5a4
What is 45a (base 14) in base 10?
864
What is -8248 (base 15) in base 7?
-143141
What is -daad (base 15) in base 9?
-70441
What is -1882 (base 16) in base 9?
-8541
What is -2477 (base 9) in base 5?
-24402
Convert 110110 (base 3) to base 5.
2321
17665 (base 9) to base 2
10111110110001
Convert 5022 (base 6) to base 10.
1094
What is 1ec (base 16) in base 5?
3432
-283 (base 16) to base 2
-1010000011
1022 (base 16) to base 2
1000000100010
What is -3707 (base 8) in base 3?
-2201202
-6b7 (base 12) to base 3
-1101011
Convert 2433 (base 7) to base 16.
38a
What is -7895 (base 13) in base 9?
-25105
Convert 223a (base 15) to base 2.
1110001010111
14231 (base 7) to base 9
5305
What is -1000111011010110 (base 2) in base 3?
-1212011022
Convert -101001101 (base 2) to base 8.
-515
129 (base 10) to base 15
89
19006 (base 10) to base 13
8860
What is -434 (base 7) in base 11?
-191
What is -101202111 (base 3) in base 10?
-7843
Convert -1021 (base 8) to base 3.
-201121
What is 1214211 (base 5) in base 11?
16360
What is 212340 (base 6) in base 15?
525c
231 (base 11) to base 8
424
-106 (base 10) to base 8
-152
Convert 1113 (base 6) to base 2.
100000101
Convert 417 (base 12) to base 9.
731
Convert 101001000100 (base 2) to base 14.
d5a
What is -332b (base 16) in base 13?
-5c68
What is -440 (base 6) in base 16?
-a8
Convert 330203 (base 4) to base 14.
15ab
Convert 222403 (base 6) to base 3.
221200110
Convert 13181 (base 9) to base 3.
110012201
What is -10322 (base 4) in base 15?
-15e
Convert 64442 (base 9) to base 10.
42644
-1105 (base 9) to base 15
-395
Convert 1103011 (base 5) to base 15.
5a06
What is 11221120 (base 4) in base 13?
a6b1
Convert -10c7 (base 13) to base 8.
-4470
Convert 1c70a (base 13) to base 10.
56118
Convert 476 (base 11) to base 12.
3b3
Convert -1020200 (base 3) to base 12.
-639
What is -3433 (base 5) in base 15?
-22d
Convert 10112001 (base 3) to base 11.
1a23
What is -2713 (base 11) in base 6?
-24151
Convert -1166 (base 7) to base 11.
-370
What is 601 (base 10) in base 16?
259
-13725 (base 12) to base 3
-1100222102
What is 43586 (base 9) in base 7?
150204
-11925 (base 15) to base 16
-dafc
What is 22c (base 14) in base 6?
2000
Convert -2a60 (base 14) to base 12.
-4438
-11000100001 (base 2) to base 5
-22234
10100100111101101 (base 2) to base 9
137765
What is 7208 (base 12) in base 14?
4732
6532 (base 9) to base 8
11310
213315 (base 6) to base 7
102233
What is -96a (base 13) in base 6?
-11241
11040 (base 5) to base 8
1402
39 (base 11) to base 5
132
Convert 282 (base 16) to base 8.
1202
-3a08 (base 13) to base 16
-2061
-101123 (base 4) to base 10
-1115
1b34 (base 13) to base 3
12121211
What is -c219 (base 16) in base 8?
-141031
Convert 2a97 (base 11) to base 6.
30230
What is 11516 (base 10) in base 13?
531b
What is -402bb (base 12) in base 2?
-10100010110101111
-1321012 (base 4) to base 10
-7750
Convert 407 (base 11) to base 16.
1eb
Convert -332242 (base 5) to base 7.
-45511
Convert 4a9 (base 15) to base 14.
559
What is -217 (base 11) in base 4?
-10010
What is -3c3 (base 13) in base 10?
-666
What is -3210322 (base 5) in base 11?
-374a3
What is -10011001011 (base 2) in base 3?
-1200110
What is -10211201 (base 3) in base 4?
-223300
What is ab4 (base 14) in base 2?
100001000110
What is 110010100011 (base 2) in base 10?
3235
What is -684 (base 9) in base 13?
-343
Convert 2041 (base 9) to base 3.
2001101
a50b (base 14) to base 8
67417
What is 50b1 (base 12) in base 13?
3cbb
Convert -a8e (base 16) to base 9.
-3632
What is -11541 (base 6) in base 13?
-a21
Convert 107224 (base 8) to base 11.
25472
What is 3a94 (base 14) in base 15?
30d2
65c (base 13) to base 2
10001000011
-11003 (base 6) to base 3
-2002010
Convert -683 (base 14) to base 6.
-5551
-a74 (base 14) to base 12
-123a
3113013 (base 4) to base 8
32707
-55250 (base 7) to base 13
-63c8
What is -647 (base 13) in base 12?
-755
What is -6b (base 16) in base 4?
-1223
Convert -21221100 (base 3) to base 8.
-13233
What is -13010 (base 5) in base 8?
-1755
What is -254 (base 7) in base 8?
-211
277 (base 13) to base 14
232
Convert 151 (base 16) to base 12.
241
What is -16156 (base 7) in base 16?
-11c5
-1c9a (base 13) to base 10
-4352
Convert 263 (base 16) to base 8.
1143
Convert -4189 (base 11) to base 9.
-7537
Convert -105152 (base 6) to base 15.
-299e
Convert 46d (base 14) to base 11.
731
Convert -22120 (base 3) to base 12.
-173
790 (base 15) to base 10
1710
ab (base 12) to base 13
a1
What is -70 (base 16) in base 10?
-112
What is -24440 (base 9) in base 8?
-40016
b799 (base 14) to base 15
95cb
What is -812 (base 11) in base 15?
-456
What is -dc5 (base 14) in base 12?
-16a9
-1462 (base 7) to base 3
-210121
3cc1 (base 15) to base 14
4a50
Convert 4a15 (base 12) to base 3.
102110222
3051 (base 6) to base 7
1660
What is 3200 (base 5) in base 2?
110101001
-519 (base 16) to base 14
-693
What is -200213 (base 4) in base 8?
-4047
-436 (base 14) to base 5
-11312
Convert -1a31 (base 11) to base 4.
-220033
Convert -16610 (base 10) to base 11.
-11530
-1c3 (base 14) to base 5
-2432
Convert 1300013 (base 4) to base 3.
100211202
Convert -624 (base 8) to base 3.
-112222
Convert 82 (base 12) to base 4.
1202
What is -10330 (base 4) in base 13?
-1b4
Convert -2110222 (base 4) to base 8.
-22452
What is 100014 (base 5) in base 7?
12065
What is 4eac (base 15) in base 13?
7863
Convert 10867 (base 9) to base 2.
1110001100110
Convert -4ea (base 16) to base 5.
-20013
What is 2473 (base 9) in base 8?
3470
Convert 1150 (base 